ase 5) to base 6
-1000415410
-2111021001012 (base 3) to base 9
-2437035
What is 111020122201200 (base 3) in base 5?
3300233010
Convert -166505 (base 10) to base 13.
-5aa31
Convert 120122010120 (base 3) to base 15.
612a9
Convert 1341212202 (base 5) to base 16.
34ccce
Convert -24b94 (base 15) to base 12.
-57b04
Convert 10100101100001011 (base 2) to base 4.
110230023
-52653 (base 7) to base 4
-3023133
12221222211200 (base 3) to base 7
35635422
Convert -112330232302 (base 4) to base 15.
-7dc767
-11650510 (base 9) to base 14
-a85d63
What is 4488 (base 15) in base 3?
201221002
Convert -1806bba (base 12) to base 14.
-93c0a2
What is 112013331 (base 5) in base 11?
312528
10166136 (base 7) to base 16
d133a
What is 1489cd2 (base 14) in base 11?
5720792
What is 1564443 (base 8) in base 3?
212000021001
What is -5390d2 (base 14) in base 4?
-22302233000
Convert -100001001101011 (base 2) to base 7.
-100400
-1403362 (base 8) to base 2
-1100000011011110010
Convert -2652106 (base 8) to base 14.
-154818
Convert 263405 (base 10) to base 13.
92b7c
-3022231310 (base 4) to base 6
-25444032
Convert -35201045 (base 6) to base 3.
-2001022200002
What is -2a74a1 (base 11) in base 8?
-1646330
2c0d8 (base 16) to base 7
1351031
What is -2112020012012 (base 3) in base 2?
-101000111110111101110
-37481 (base 11) to base 13
-1b656
Convert -e4e5cb (base 15) to base 6.
-1025125032
-4882 (base 15) to base 4
-3300332
What is -101000110010001010010 (base 2) in base 12?
-54546a
522334 (base 8) to base 9
283618
What is -23101411 (base 5) in base 4?
-302122101
What is 2110251 (base 7) in base 4?
332022300
Convert 1221221102 (base 4) to base 16.
69a52
What is 101434044 (base 5) in base 6?
13005433
-63e89d (base 15) to base 10
-4757323
102211220221 (base 4) to base 10
4872745
Convert 250bcb (base 16) to base 7.
26431166
What is 30689 (base 15) in base 16?
2570a
What is -77c8aa (base 13) in base 12?
-b43a96
30004414 (base 5) to base 9
387303
Convert -4103843 (base 10) to base 2.
-1111101001111010100011
-1a492 (base 16) to base 3
-12110200122
What is -522144 (base 6) in base 5?
-2320333
-5456342 (base 7) to base 2
-10100011100000010001
What is 124030311 (base 5) in base 2?
10010101010000000011
What is 15727 (base 11) in base 13?
a127
What is 36660214 (base 8) in base 12?
285b238
What is -11707340 (base 8) in base 12?
-a50340
10110210011 (base 3) to base 9
113704
Convert -1101110110101100001110 (base 2) to base 12.
-1271952
What is -1352434 (base 6) in base 13?
-290cb
Convert 311012322 (base 5) to base 7.
13523450
1d7279 (base 14) to base 11
662104
Convert -22014040 (base 5) to base 11.
-119806
Convert -19b4936 (base 12) to base 15.
-72d4b3
What is -3100222210 (base 4) in base 9?
-1542367
Convert -2a97d (base 15) to base 14.
-37d9d
What is -430162 (base 8) in base 14?
-3a402
-2575124 (base 9) to base 10
-1407802
-43dda1 (base 15) to base 16
-3161e6
5054545 (base 7) to base 16
92f2c
Convert 6a415 (base 12) to base 8.
425721
What is -521325 (base 12) in base 7?
-13642403
-1101110101011101 (base 2) to base 16
-dd5d
5022520 (base 9) to base 11
1565740
-5301542 (base 6) to base 2
-111110110000000110
Convert 110295 (base 10) to base 8.
327327
What is -21a890 (base 14) in base 9?
-2132150
What is 479580 (base 10) in base 13?
13a39a
Convert -302033332 (base 4) to base 6.
-4224514
-26ed8 (base 15) to base 7
-1030001
Convert 200100221022 (base 3) to base 11.
2276a1
What is 73c7c (base 13) in base 9?
347182
What is -101011001011100000 (base 2) in base 13?
-6266c
-2b787b (base 13) to base 3
-2000112200121
Convert 616835 (base 14) to base 2.
1100100001100111101111
Convert -24ab84 (base 14) to base 5.
-310242044
What is 111100011111001110 (base 2) in base 12?
bb466
1340232 (base 6) to base 2
10010010111111100
49b15b (base 13) to base 12
712435
What is 413563 (base 7) in base 14?
1bbda
Convert 2fcd5 (base 16) to base 15.
3d032
What is 761070 (base 8) in base 10?
254520
ce45aa (base 16) to base 13
2a54085
What is -10927a4 (base 13) in base 11?
-2966961
What is -171000 (base 15) in base 11?
-6a3349
What is -42265666 (base 7) in base 9?
-6655184
164628 (base 10) to base 12
7b330
What is -1b413e (base 16) in base 4?
-12310010332
What is 141411442 (base 5) in base 3?
1101012021122
Convert 122513 (base 6) to base 4.
2223231
Convert 3835d (base 15) to base 13.
639c4
Convert 2203402 (base 6) to base 13.
3abb3
Convert -46416112 (base 7) to base 5.
-2020244221
What is 11211001021 (base 3) in base 2?
10111001001010100
35071565 (base 8) to base 15
a0b3c3
-101010110110001001010 (base 2) to base 5
-324411403
Convert 220112222112222 (base 3) to base 2.
110001110001111010100000
Convert -1115140452 (base 6) to base 7.
-206260301
Convert 14335150 (base 6) to base 3.
221010220110
Convert 5170d5 (base 14) to base 2.
1010011110101000110011
1121020022102 (base 3) to base 11
53138a
What is 12120010000121 (base 3) in base 16?
2d159d
Convert -2a30c4 (base 15) to base 11.
-1170181
What is -111001001100001000 (base 2) in base 15?
-49618
-32032221 (base 4) to base 7
-331626
1394a (base 15) to base 12
30451
What is 1b480 (base 13) in base 9?
81353
110001111001010110110101 (base 2) to base 16
c795b5
What is 2021221101121 (base 3) in base 5?
303003144
Convert -951ba (base 12) to base 8.
-575736
Convert -2421322314 (base 5) to base 10.
-5651584
What is -144151 (base 9) in base 6?
-1520544
b66b4 (base 13) to base 15
6750e
Convert 287a49 (base 14) to base 11.
87a004
What is -688642 (base 9) in base 3?
-202222201102
442d2 (base 15) to base 3
102000011222
What is -1211020002 (base 4) in base 8?
-1451002
Convert -1cb7a (base 15) to base 9.
-152487
What is 546a0 (base 11) in base 12?
39b19
What is -73a0a (base 14) in base 6?
-5552110
-135406 (base 10) to base 6
-2522514
What is 1130042002 (base 6) in base 4?
300010311302
What is -4512162 (base 9) in base 14?
-47339b
Convert -71234 (base 8) to base 11.
-20053
Convert 14cb3a7 (base 13) to base 7.
110526555
c6db (base 16) to base 4
30123123
Convert 251c3b (base 16) to base 6.
124043311
What is 7b29a3 (base 14) in base 4?
100000012303
-2021652 (base 7) to base 3
-110020021120
What is -220823 (base 10) in base 11?
-1409a9
What is -3110410 (base 9) in base 16?
-19556a
-2152520 (base 8) to base 11
-365a2a
Convert 1d6df9 (base 16) to base 10.
1928697
What is -680a3 (base 12) in base 14?
-385d1
What is -30311001 (base 4) in base 15?
-10880
What is -10002012202202 (base 3) in base 5?
-404403034
Convert 302305515 (base 6) to base 16.
4eaf97
What is 10100001010111101110 (base 2) in base 14?
132c46
-321303213 (base 4) to base 6
-5024103
1010101101100011010 (base 2) to base 14
91cb8
-10022000222 (base 3) to base 5
-4034112
Convert 23131421 (base 5) to base 7.
1525316
What is -78873a (base 12) in base 14?
-38091c
What is 13024013 (base 6) in base 4?
1213113021
1a9033 (base 12) to base 13
136980
-389834 (base 13) to base 10
-1363535
Convert 10a1990 (base 12) to base 2.
1100001100011000111100
52323201 (base 7) to base 9
8260453
-5466 (base 8) to base 4
-230312
Convert -2772530 (base 10) to base 4.
-22210320302
What is 10420 (base 11) in base 15?
474c
Convert -9606b7 (base 12) to base 8.
-11012753
What is -80c577 (base 13) in base 12?
-1006903
Convert 520110 (base 8) to base 15.
35ed9
What is -201012010202 (base 3) in base 2?
-1011100001101111011
What is -121200200112 (base 3) in base 14?
-87a3c
Convert -10132327 (base 8) to base 12.
-874507
Convert -222403340 (base 5) to base 8.
-3575330
Convert 5111884 (base 9) to base 14.
50cb48
What is -79331 (base 12) in base 6?
-3242101
c264c (base 14) to base 16
7230c
What is 11101001101001011 (base 2) in base 7?
1005524
What is -23213302312 (base 4) in base 7?
-34616110
Convert 110220101002 (base 3) to base 5.
31111324
-62507 (base 16) to base 2
-1100010010100000111
What is -11301 (base 12) in base 2?
-101100101110001
10751727 (base 8) to base 4
20331033113
Convert 10650251 (base 7) to base 16.
e4a4c
What is -206a28 (base 12) in base 10?
-509504
What is -20424441 (base 5) in base 16?
-29a7d
Convert -6381 (base 16) to base 14.
-93d7
-29301 (base 13) to base 6
-1354203
Convert 133222221 (base 4) to base 16.
1faa9
Convert -76b37b (base 13) to base 15.
-3a3313
What is -122042152 (base 6) in base 10?
-2338484
Convert -10000000101011011111001 (base 2) to base 14.
-7ba917